(-31) + 6 + (-1512)/372)?
3, 7537
Suppose -27*s + 3 = -26*s. Suppose -3 + 15 = -l - y, l - s*y - 4 = 0. List the prime factors of 2/l + (-221)/(-4).
5, 11
Let f = 1549 + 130. What are the prime factors of f?
23, 73
Let a(f) = 2*f**3 - 31*f**2 - 49*f + 134. What are the prime factors of a(23)?
2, 3, 13, 89
Let s = 36 + -33. Suppose -2*k = 3*t - 2, 0 = -t - s*k + 2*k - 1. List the prime factors of (3/(72/16))/(t/138).
23
Let n(k) be the third derivative of 3*k**5/20 - 11*k**4/24 + 3*k**3/2 + 11*k**2. Let r(q) be the first derivative of n(q). List the prime factors of r(7).
5, 23
Let c = 29212 - 19141. What are the prime factors of c?
3, 373
Let o(g) = g**2 + 12*g + 16. Let f be o(0). List the prime factors of -484*-2*4/f.
2, 11
Let n(b) = b**3 + 7*b**2 + 4*b + 6. Let r be n(-6). Let u(k) = r*k - 13 + 31*k - 2 - 6*k. List the prime factors of u(2).
71
Let o(f) = -f**2 + 20*f - 3. Let y be o(13). Suppose y*j - 92*j = -136. Suppose 0 = g + j - 187. List the prime factors of g.
3, 17
Suppose -175*t = -167*t - 4200. Suppose 4*q = 1011 + t. List the prime factors of q.
2, 3
Let t(x) = 32*x + 113. Let n be t(-4). Let s be (4 - 7 - -6)/(-1). What are the prime factors of (-12)/(-30) + (s - 3639/n)?
2, 3, 5
Let l(b) = 8*b + 8. Let z be l(-5). Let u = -29 - z. Suppose -u*n - 3*p + 66 = 0, -3*n - 2*p + 74 = -p. What are the prime factors of n?
2, 13
Let o = 11136 - 6463. What are the prime factors of o?
4673
Let k(b) be the third derivative of -b**6/60 - b**5/10 - 5*b**4/24 - 2*b**3/3 - 6*b**2. Suppose -36 - 4 = 8*l. What are the prime factors of k(l)?
11
Suppose 5*p - 83*s = -88*s + 21820, -2*p - s = -8724. What are the prime factors of p?
2, 5, 109
Let c(r) = r**3 + 38*r**2 - 314*r - 13. List the prime factors of c(-34).
15287
Let r(n) = 24*n - 10. Let y be (-4)/(-16) - (2 + (-446)/8). Suppose 53*i = y*i - 3. List the prime factors of r(i).
2, 31
Let l(a) be the second derivative of a**5/15 - a**4/3 - 8*a**3/3 - 9*a. Let o(f) be the second derivative of l(f). List the prime factors of o(2).
2
Suppose -6*b + 2*b + 12 = 0. Let d(v) = 22*v - 8. Let c be d(b). Let t = c - -75. What are the prime factors of t?
7, 19
Let i(x) = 10*x**3 - 26*x**2 + 18*x - 94. List the prime factors of i(9).
2, 13, 101
Suppose 1242320 - 36064 = 16*q. List the prime factors of q.
75391
Suppose 2*u - 5*v - 62 = 0, 2*u - 4*v = -0*v + 66. Suppose 88 = 4*p - t, -u = -3*p - 5*t + 25. What are the prime factors of p?
2, 11
What are the prime factors of -23 + 0 + 14905 + -9 + (4 - 2)?
5, 7, 17
Let s(d) = -52*d + 48. Let i(c) = -c**3 + 13*c**2 + 2*c - 36. Let m be i(13). What are the prime factors of s(m)?
2, 71
Let m = 4009 - -261. Suppose -29*o + m = -22*o. List the prime factors of o.
2, 5, 61
Suppose 4*q + 17 = -3, 3*v - 93208 = 2*q. List the prime factors of v.
2, 7, 317
Suppose 30734*a - 30690*a - 1931028 = 0. What are the prime factors of a?
3, 14629
What are the prime factors of ((-1211)/14)/((-65)/7670)?
59, 173
Suppose -2*k + 9*k + 15*k - 95810 = 0. List the prime factors of k.
5, 13, 67
Let w(z) = 3*z + 15. Let b be w(-4). Suppose -2*v + 706 = 4*a - v, 2*a - 358 = -b*v. Suppose 0 = 5*k + 20, -p - k + a = 3*p. List the prime factors of p.
3, 5
Let g = 92 - 80. Suppose 0 = g*w + 4*w - 144. Suppose 308 = 3*n + 5*a, -6*n + w*n - 4*a = 299. List the prime factors of n.
101
Suppose -23*o + 1292895 + 44371 = 0. List the prime factors of o.
2, 7, 4153
Let o(s) = 129*s**2 + 111*s - 479. What are the prime factors of o(20)?
41, 1301
Let c(x) be the first derivative of -13*x**3/3 + 2*x**2 - 27*x - 26. Let k(b) be the first derivative of c(b). What are the prime factors of k(-3)?
2, 41
Let d be (-1)/(1/(-3 + 4))*-281. Let g = d + 615. List the prime factors of g.
2, 7
Let j(f) = 14*f + 16. Let y(s) = -28*s - 33. Let n(q) = -11*j(q) - 6*y(q). Let h be n(6). Let k = 161 - h. What are the prime factors of k?
5, 11
Let m(s) = 10 - 8 - 2 + 0*s**3 - 3*s - 36 + 15*s**2 - s**3. What are the prime factors of m(13)?
263
Let c = 22479 + -10598. What are the prime factors of c?
109
Let f(y) = 71*y**2 - 1. Suppose -5*q - 131 = -0*q - s, -79 = 3*q - s. Let i = 25 + q. What are the prime factors of f(i)?
2, 5, 7
Let o(d) be the third derivative of -d**4/24 - d**3/6 - 35*d**2. Let p be o(0). Let m(t) = -11*t**3 - t. List the prime factors of m(p).
2, 3
Suppose 25 - 37 = -4*b. Suppose -6*d + 318 = -b*d. What are the prime factors of d?
2, 53
Let u = 255 + -259. What are the prime factors of (5 - (-90629)/105) + u/30?
2, 7, 31
Let z = -1907 - -2120. What are the prime factors of z?
3, 71
Let u(f) = -3*f + 1. Let c(y) = 1. Let a(v) = -21*c(v) + 3*u(v). Let i be a(-2). Suppose i = 7*g - 255 - 165. What are the prime factors of g?
2, 3, 5
Suppose k = -0*k, -5*a + 25 = -3*k. Suppose a*d = -4*t + 4 - 1, 3*d - 4*t = 21. Suppose -d*r + 5*r = 152. What are the prime factors of r?
2, 19
List the prime factors of (-538*7/6)/(8/(-72)).
3, 7, 269
Let t(o) = 2*o**2 - 105*o + 611. List the prime factors of t(80).
5011
What are the prime factors of (65648/(-20))/(-2) + 6/(-5)?
2, 5, 41
Let b = -98 - -89. Let y(m) = m + 13. Let k be y(b). Suppose k*d + 342 = 6*d. What are the prime factors of d?
3, 19
Let b = 2004 - 1223. Suppose c + 4*v = 1800, 5*v = -c + 1014 + b. What are the prime factors of c?
2, 5, 7, 13
Let r(a) = -3*a**2 + 26*a - 55. Let x be r(6). List the prime factors of x - (6 + -18) - -842*1.
7, 11
Let n be 22/(8/(-3) - -2). Let x = -8731 - -8844. Let b = n + x. What are the prime factors of b?
2, 5
Let y(f) = f**3 - 14*f**2 - 6*f + 10. Let w be y(14). Let j = -152 + 317. Let v = w + j. List the prime factors of v.
7, 13
Let w(x) = -x**3 - x**2 + 7*x + 17. Let r be w(-3). Let c(v) = 43*v + 8. What are the prime factors of c(r)?
2, 5, 61
Let q = 1 - -8. Let n(r) = -2*r**2 + 19*r - 5. Let z be n(q). Suppose -k - a = 2*a - 94, z*k - 392 = 4*a. What are the prime factors of k?
97
Let z(f) = 73*f**2 - 9*f + 27. Let c(g) = 5*g**3 + 26*g**2 + 5*g + 2. Let v be c(-5). List the prime factors of z(v).
7, 43
Suppose -4*p + 38 = -k - 0*k, 6 = p - 2*k. What are the prime factors of ((-876)/p)/(24/5 + -5)?
2, 3, 73
Suppose -789*b = -794*b + 17310. What are the prime factors of b?
2, 3, 577
Let i(y) = -y**3 + y**2 + y - 6. Let o be i(0). Let n be 11*15 - o/3. Let f = n - 93. List the prime factors of f.
2, 37
Suppose -y - h = -4, -2*h - 7 - 1 = 0. Suppose -2*z + 0 = -x - 7, -z = -5*x - y. Suppose u = 3*n + 21, -25 = -z*u + 2*u - n. List the prime factors of u.
2, 3
Let a = -48 + 48. Suppose a = -5*g + 62 + 228. List the prime factors of g.
2, 29
List the prime factors of (4/4 + 2)*((-62256)/(-36))/2.
2, 1297
Let w(c) = -863*c**3 + 119*c**2 + 18*c - 7. What are the prime factors of w(-4)?
3, 7, 11, 13, 19
List the prime factors of ((-28345)/15)/(15/(-45)).
5669
Let t(f) = -2*f**3 - 5*f**2 - 19*f - 164. Suppose -7*i - 21 - 42 = 0. List the prime factors of t(i).
2, 5, 53
Let v be 3/(12/(-14))*-14. Suppose 0 = -3*a + 3*q - 3, -v + 18 = -5*a - 4*q. Suppose a*g - 2*n = 353, 0*n - 329 = -3*g - 4*n. What are the prime factors of g?
5, 23
Suppose -4*h = -11 - 69. Let n = 20 - h. Suppose 2*a + a + 5*w - 770 = n, 0 = 3*w - 12. List the prime factors of a.
2, 5
Suppose 2*m + 152 + 72 = 0. Let n = m + 305. Suppose 55 = -d + n. List the prime factors of d.
2, 3, 23
Suppose -6 = -b - 2*b. Let q = 6522 + -6517. Suppose v = -q*g + 410, 3*v - 5 = b*v. What are the prime factors of g?
3
Suppose -5*a = 5*a + 49280. List the prime factors of 9/((-36)/a) + -2.
2, 3, 5, 41
Let d be (-2 - (3 - 8)) + -84. Let x = 89 + -138. Let o = x - d. What are the prime factors of o?
2
Let l = -10 - -22. Suppose 0 = -16*x + l*x + 184. List the prime factors of (-1)/4*2*-1*x.
23
What are the prime factors of (4648/(-20))/((-23)/4140)?
2, 3, 7, 83
List the prime factors of 323918/14 - ((-13)/(-5) + 34/85).
2, 43, 269
Suppose -5*x + 2*x - 5*p + 119 = 0, 0 = 3*x - 4*p - 164. Suppose -3*w = 210 + x. Let c = w - -167. What are the prime factors of c?
3
Let i = -864 - -972. Suppose -4*z = 6*v - v - 533, 0 = 2*v + 3*z - 209. Suppose b - i = v. What are the prime factors of b?
7, 31
Suppose -5*d + 56 = -3*r, 3*r = -5*d + r + 21. Let b(t) be the third derivative of t**4/2 - 13*t**3/3 - t**2. What are the prime factors of b(d)?
2, 29
Let a(g) be the first derivative